 What is the hundreds digit of x?
3
Let d = -7 - -12. Suppose d*v - 5*z = 5, 7*v - z - 19 = 3*v. What is the units digit of (-3)/v*(1 + -43)?
1
Let z be ((-641)/(-6) - (-10)/15)*6. What is the units digit of ((-4)/(-10))/(((-18)/z)/(-6))?
6
Suppose -2*j = -3*m - 65, -j + 15*m - 12*m + 25 = 0. What is the units digit of j?
0
Let r(d) = d**3 - 14*d**2 - 13*d + 2. Let s = 3 + 12. What is the tens digit of r(s)?
3
Suppose 0 = -2*q + 3*q - 10. Let y be q/(-60) - (-38)/12. Suppose 5*x - 126 = t, -y*x + 33 = 2*t - 40. What is the units digit of x?
5
Let z(j) be the third derivative of -j**5/60 + j**4/8 - 2*j**2. Let u be z(4). What is the units digit of (-462)/7*u/6?
4
Suppose 0 = 2*q - 7*q + 15. Suppose -z + 0*z - 2*o = -7, -q*o + 12 = 2*z. What is the units digit of z?
3
Let q(o) = 3*o**2 + 14*o - 21. What is the units digit of q(7)?
4
Let c(z) = 27 + 10 + 6 - z. Suppose -3*m - m - l - 5 = 0, -5*l - 25 = 0. What is the units digit of c(m)?
3
Let h be (3/2)/((-3)/(-4)). Suppose h*z - 22 = -5*r + 473, -r - z = -99. Suppose -2*v - v = 3*b - 75, 3*v - 3*b = r. What is the tens digit of v?
2
Let h(b) = 23*b - 19. Let a be h(-6). Let v = -79 - a. What is the tens digit of v?
7
Suppose 3*c + 29 = -5*f + 7, 0 = -3*c + f - 10. Let r(o) = 3*o - 3. Let k be r(c). Let l = 23 + k. What is the units digit of l?
8
Suppose 5*q - 2*d - 3*d = -130, -2*q - 4*d - 22 = 0. What is the tens digit of (-1140)/(-28) + (-6)/q?
4
Suppose 2*u = 7*u - 105. Suppose -q - 4*q = -3*d + 14, -q + 2 = d. Suppose -2*i = -d*i + u. What is the units digit of i?
1
Let p = -3736 + 6474. What is the units digit of p?
8
Suppose -u + 0 = 4*f + 7, 0 = 3*u - 3*f - 24. Suppose -u*t + 2*t = -9, -t = 3*j - 171. What is the tens digit of j?
5
Suppose 5*i + 4*i - 1395 = 0. Suppose 2*y + 0 = -u + i, -2*y + 308 = 2*u. What is the hundreds digit of u?
1
Suppose l - 11 = -4*b + 14, 2 = 2*l. What is the units digit of 25 + b*2/(-4)?
2
Let y(b) = -b + 6. Let c be y(7). Let r = 2 + c. Let a(p) = 23*p**2 - 2*p + 1. What is the units digit of a(r)?
2
Let k(z) = -3*z + 17. Let f be k(7). Let w be (1 + -1)/(f + 5). What is the units digit of (-1 - 3) + (8 - w)?
4
Let q(k) = k**3 - 7*k**2 - 9*k + 7. Let j be q(8). Let l(f) be the first derivative of -17*f**4/4 + f**3/3 + f**2/2 + f - 2. What is the units digit of l(j)?
8
Suppose a = -72 + 55. Let x = a + 209. What is the hundreds digit of x?
1
Suppose 0 = -6*z + z + 175. Let p = 58 - z. What is the tens digit of p?
2
Let x = 4179 + -2009. What is the hundreds digit of x?
1
What is the tens digit of 282 - 3/(15/25)?
7
Let i(j) be the first derivative of j**6/360 + j**5/15 - j**4/3 - 7*j**3/3 - 3. Let k(x) be the third derivative of i(x). What is the units digit of k(-11)?
5
Suppose -g + 52 = -0*g. Let x(v) = -4*v - 34. Let i be x(-9). Suppose g = i*w + 4. What is the tens digit of w?
2
Let d(u) = 9*u + 107. What is the units digit of d(47)?
0
Let a be 79/1 + 4/(-1 + -3). What is the units digit of (a/(-52))/(3/(-128)*2)?
2
Suppose 3 = -p, 3*h - 573 = 3*p + 1053. What is the hundreds digit of h?
5
Let q be -6*(-4)/18*3. Suppose -q*o - n + 377 = 0, -o - 5*n + 92 = -4*n. Suppose 2*y - o = -5*d, -3*y - 2*d + 110 = -d. What is the units digit of y?
5
Let a(w) = 11*w**2 - 13*w + 115. What is the hundreds digit of a(6)?
4
Suppose 4*z + 6 = -q, 5*z - 67 - 13 = 5*q. Let y be (-28)/(-4)*(-8)/q. Suppose 44 = -y*o + 312. What is the tens digit of o?
6
What is the thousands digit of (-7 - -10) + (-9 - -1524)?
1
Suppose 11430 = 3*w - 166*n + 164*n, w + 4*n - 3824 = 0. What is the tens digit of w?
1
Let t = 13 - 29. Let x = t - -22. Suppose -27 = -5*c + 3*s, c - x*s = -2*s + 2. What is the units digit of c?
6
Let f(q) = q**3 + 4*q**2 + 5*q + 4. Let l be f(-2). What is the tens digit of 1270/10 - (0/(-1) + l)?
2
Let n(s) = -4*s**2 + 7*s + 1. Let x(o) = 11*o**2 - 21*o - 4. Let y(q) = -8*n(q) - 3*x(q). Let m = -12 + 19. What is the units digit of y(m)?
4
Suppose 134*l - 126*l = 2352. What is the hundreds digit of l?
2
Let k be (486/63)/((-2)/(-28)). Suppose 2*o - 46 - k = 0. What is the tens digit of o?
7
Suppose -4*z + 2*z + 216 = s, -5*s - 324 = -3*z. Suppose z - 24 = c. Suppose 4*x - 4 = 0, c = 2*m + 2*m - 4*x. What is the tens digit of m?
2
Let d(x) = x**2 + 9*x - 4. What is the units digit of d(-15)?
6
Suppose 0 = 3*l - l - 10. Suppose -3*j = -4*a + 241, 3*a - 264 = l*j - 75. What is the units digit of a?
8
Suppose 234*d - 27006 = 228*d. What is the units digit of d?
1
Let g(p) = 7*p**2 - 11*p - 4. What is the tens digit of g(-14)?
2
Let n(a) = -a**2 + 10*a + 2. Suppose -o + 5 = 4*o. Let p be (-162)/(-24) - o/(-4). What is the units digit of n(p)?
3
Let i(o) = o**2 - 6*o + 1. Let z be i(5). Let r(q) = 9*q - 2. Let l be r(z). What is the tens digit of 4 - (-1)/((-1)/l)?
4
Let c = 72 - -372. What is the units digit of c?
4
Let m = 1782 - 1239. What is the tens digit of m?
4
Suppose -4*n - 45 = -3*w - 2*w, 4*w = -4*n. What is the units digit of -3 + (n - (-65 - -4))?
3
Let q(y) = -y**3 + 6*y**2 + 3*y + 1. Suppose -3*t + 4*t = -54. Let h be (t/30)/(3/(-10)). What is the tens digit of q(h)?
1
Let w(s) = -s**2 + 5*s - 16. Let g be w(5). Let d = g + 46. What is the tens digit of d?
3
Let r(h) = -31*h**3 + 2*h**2 - h - 7. What is the tens digit of r(-4)?
1
Suppose 3002 = 3*i - 301. What is the thousands digit of i?
1
Let x be (0/(1*-1))/2. Let l = 561 - 559. Suppose -z = 3*i - 19 - 20, x = l*i + 8. What is the units digit of z?
1
Let b be (-20)/16*-4*1. Suppose -b*l + 60 = 35. What is the units digit of l?
5
Suppose 0 = -13*c + 3956 + 21251. Suppose -527 = -9*l + c. What is the units digit of l?
4
Suppose -1928 = 5*c - 7*c. What is the hundreds digit of c?
9
Let u(b) = 70*b**3 - 7*b**2 + 8*b + 2. What is the hundreds digit of u(2)?
5
Let a(s) = -3*s**3 - s**2 + 1. Let x be a(-1). Suppose 5*g = 4*q + 1 + 47, 0 = 5*g - x*q - 51. What is the tens digit of (-12 + g/4)*-3?
2
Suppose 5*b + 7 = -s, -b - 2 - 1 = 0. Let k(h) be the third derivative of -h**5/60 + 5*h**4/12 + 11*h**3/6 + h**2. What is the tens digit of k(s)?
2
Let i = 54 + -54. Suppose 0 = -q - 3*t + 95, i = -5*q + t + 63 + 444. What is the tens digit of q?
0
Let t(s) be the second derivative of s**5/60 - s**4/4 + s**3/3 + 5*s. Let l(j) be the second derivative of t(j). What is the tens digit of l(10)?
1
Let a(h) = -h**3 - 17*h**2 + 23*h - 22. What is the tens digit of a(-19)?
6
Suppose -4*k + k = -2*o - 16, -2*o - 4*k + 12 = 0. What is the tens digit of o*(-46)/(3 + -1)?
4
Suppose -5*w = u - 3209, 22*w + u - 2567 = 18*w. What is the tens digit of w?
4
Suppose 0 = -4*l - a + 78, -35 = -3*l - 4*a + 17. Suppose d + 8 = g, -4 = d - 1. Suppose -2*m = 2*j - 78, g*m + 185 = 4*j + l. What is the tens digit of j?
4
Suppose 0*r = r - 10. Let p = 12 - r. What is the units digit of 4 + p + 0 - 3?
3
What is the units digit of 26 + ((-39)/9 + 4)*-3?
7
Let i(n) = 22*n**3 - 2*n**2 + 4*n + 5. What is the hundreds digit of i(3)?
5
Suppose 5*f - 935 = -x, 0 = -2*x - 4*f + 1579 + 279. What is the tens digit of x?
2
Suppose -21*i - 16222 = -70444. What is the tens digit of i?
8
Let s be 5*-13 + (-2 - -3). Let z(x) = -12*x - 185. Let q be z(-24). Let f = q + s. What is the tens digit of f?
3
Suppose 531*d - 503*d = 64932. What is the hundreds digit of d?
3
Let r = -183 + 394. Suppose z - 4 - 1 = 0, 5*z + r = 4*q. What is the units digit of q?
9
Suppose 171*h - 173*h = -546. What is the hundreds digit of h?
2
Let m(j) = -j**3 - 7*j**2 - 2*j - 12. Let k be (-12)/6*(4/1 + 0). What is the units digit of m(k)?
8
What is the thousands digit of (((-5036)/(-10))/((-80)/(-200)))/1?
1
Let o(m) be the third derivative of -m**4/24 + m**3/2 - 4*m**2. Let a be o(2). What is the tens digit of (11 - -8) + (2 - a)?
2
Suppose 5*u = 29 + 6. Suppose -u*s - 184 = -11*s. What is the tens digit of s?
4
Suppose -32 = 8*k - 6*k. Let f = 18 + k. What is the units digit of ((-243)/(-45))/(f/10)?
7
Suppose 4*x = -3*b + 11292, -2*b - x - 7528 = -4*b. What is the thousands digit of b?
3
Let y = 1 + -2. Let m(h) be the first derivative of -13*h**2/2 - 50. What is the units digit of m(y)?
3
Let s(u) = -u**3 + 28*u**2 + 7*u - 70. Suppose 68 = 8*x - 156. What is the hundreds digit of s(x)?
1
Let r be (2 - -2)/((-9)/9). Let h(v) = -v - 8. Let q be h(r). What is the tens digit 